-1172
In base 4, what is -13013 + 312?
-12101
In base 2, what is -1000001001001010 - -101?
-1000001001000101
In base 7, what is -110 - -11623?
11513
In base 14, what is -463c8 - 4?
-463cc
In base 15, what is -15 + 231?
21b
In base 16, what is -3f + 20d?
1ce
In base 4, what is -10111323 - 13?
-10112002
In base 4, what is 2 + 2103303?
2103311
In base 16, what is -17 + -ccac?
-ccc3
In base 13, what is 440 + -59?
3b4
In base 13, what is 125 - -442?
567
In base 14, what is 1 + 4309c?
4309d
In base 12, what is -a806 - -10?
-a7b6
In base 3, what is -112020202 - -102?
-112020100
In base 7, what is 1210 + -6025?
-4515
In base 6, what is -203533 - -14?
-203515
In base 7, what is -14 - 455622?
-455636
In base 14, what is 15a27 + 6?
15a2d
In base 10, what is -564 + 563?
-1
In base 10, what is -1057768 - 0?
-1057768
In base 13, what is 4 - 275a?
-2756
In base 7, what is -5 - -65152?
65144
In base 10, what is -15 - 705?
-720
In base 6, what is 42055 - 432?
41223
In base 11, what is -133 - 3934?
-3a67
In base 16, what is -27eefc - -4?
-27eef8
In base 9, what is 3 - 1146?
-1143
In base 5, what is -4 + 11200100?
11200041
In base 15, what is 1534 - 0?
1534
In base 6, what is 5 + 1250?
1255
In base 8, what is 4 + 1021653?
1021657
In base 3, what is -111101 - -12?
-111012
In base 9, what is -1 - -68036?
68035
In base 16, what is -a - c1f9?
-c203
In base 14, what is -16 + 20a?
1d4
In base 2, what is 11110000 + 1001111011000?
1010011001000
In base 3, what is 1001 - 202211?
-201210
In base 16, what is 2 - de980?
-de97e
In base 6, what is -105 + -1432?
-1541
In base 5, what is 3 - -1230303?
1230311
In base 5, what is 113 - 12320?
-12202
In base 8, what is -7 + -13411?
-13420
In base 4, what is -3101023121 + -20?
-3101023201
In base 3, what is 2 + -1110100?
-1110021
In base 5, what is 30 + -140023?
-134443
In base 7, what is 1151 - -22546?
24030
In base 14, what is -9b + -c5?
-182
In base 14, what is -3 - 9a411?
-9a414
In base 8, what is -62737 + 2?
-62735
In base 9, what is -76 + -1374?
-1461
In base 11, what is 57 + 680?
727
In base 16, what is -75 - -952?
8dd
In base 16, what is -4608 + 2?
-4606
In base 5, what is 2 - 1441110?
-1441103
In base 8, what is -533600 - -25?
-533553
In base 6, what is 300521 + 51?
301012
In base 12, what is 48 + 312?
35a
In base 13, what is -68 + -2?
-6a
In base 8, what is -1 - -2127?
2126
In base 10, what is 5368 + 10?
5378
In base 8, what is 4 + 22523?
22527
In base 16, what is -48ab - -4?
-48a7
In base 12, what is 3 + 9410?
9413
In base 3, what is 12 - 212102110101?
-212102110012
In base 9, what is -207 - -10276?
10068
In base 2, what is 111100110 + -1001110?
110011000
In base 2, what is 101010101101111101 + 101?
101010101110000010
In base 14, what is -2 + 22cb5?
22cb3
In base 16, what is -3 + c380?
c37d
In base 12, what is -a2ba2 + -3?
-a2ba5
In base 4, what is -23233 - 212210?
-302103
In base 9, what is -10 + 21151?
21141
In base 12, what is 6 + -11b58?
-11b52
In base 2, what is -100 + -1010000011111011000?
-1010000011111011100
In base 7, what is -4 - -35121?
35114
In base 11, what is -66 - -46a78?
46a12
In base 13, what is -3 + -624?
-627
In base 9, what is -243 - -3043?
2700
In base 16, what is 27 - -669?
690
In base 4, what is 1 + 22222232?
22222233
In base 14, what is c - -1d0a4?
1d0b2
In base 2, what is -1001001 + 100000011?
10111010
In base 9, what is -4844 - 502?
-5446
In base 8, what is -1075 + 105?
-770
In base 10, what is 59916 + -1?
59915
In base 16, what is 4bb9 + -17?
4ba2
In base 9, what is 121460 - -13?
121473
In base 6, what is 13100 + 514?
14014
In base 4, what is 233 - 201021?
-200122
In base 4, what is 3001 + 1032123?
1101130
In base 7, what is -42 - -25333?
25261
In base 3, what is -12001100 - 202?
-12002002
In base 4, what is -11103 + -11330?
-23033
In base 7, what is 0 + 3552?
3552
In base 15, what is -4c2 + -12c?
-5ee
In base 7, what is 152 + -52000?
-51515
In base 11, what is 0 + 28432a?
28432a
In base 3, what is 22200 + -12020211?
-11221011
In base 11, what is 6 + 9636?
9641
In base 10, what is 384698 + 3?
384701
In base 15, what is c9a1 + 7?
c9a8
In base 2, what is -1011001101 + -1001111101?
-10101001010
In base 12, what is -10 - -95271?
95261
In base 15, what is 186 - -ea8?
113e
In base 15, what is 4c61 - -1?
4c62
In base 7, what is -11212004 + -2?
-11212006
In base 15, what is 38 - -6a8?
6e1
In base 10, what is 6660 - -37?
6697
In base 2, what is 100 - 1001011110001?
-1001011101101
In base 10, what is -32 + -7288?
-7320
In base 2, what is -1 - -100001011000010?
100001011000001
In base 16, what is -3 - -135f5?
135f2
In base 13, what is a4714 + 1?
a4715
In base 12, what is -76963 - 1?
-76964
In base 8, what is -5 - 347303?
-347310
In base 14, what is -1 + -2625b8?
-2625b9
In base 8, what is 147 + 662?
1031
In base 6, what is -1002 - 110?
-1112
In base 2, what is 1000 + 10110111100011?
10110111101011
In base 11, what is -36a974 - -2?
-36a972
In base 16, what is 766d + 2?
766f
In base 16, what is 3f7eb + 2?
3f7ed
In base 11, what is 3 - 12446?
-12443
In base 5, what is 1 + 124114120?
124114121
In base 10, what is 3654924 + 0?
3654924
In base 3, what is -1011220 - -1102?
-1010111
In base 11, what is -194a06 + -4?
-194a0a
In base 10, what is 12 - 21092?
-21080
In base 3, what is -10 - 10101102020?
-10101102100
In base 4, what is -12211 - 1033311?
-1112122
In base 15, what is 3 - 6234?
-6231
In base 16, what is -6d - b19?
-b86
In base 11, what is 40 + 123a?
127a
In base 10, what is -4778 - -86?
-4692
In base 14, what is 5 + 7b95?
7b9a
In base 16, what is -8a + -16dd?
-1767
In base 3, what is 1122102 + -20102?
1102000
In base 9, what is -82 - -63?
-18
In base 7, what is 20 - -120634?
120654
In base 6, what is 1 + -345533?
-345532
In base 14, what is -3 + -5cd09?
-5cd0c
In base 12, what is 73 - 1471?
-13ba
In base 16, what is 3 - -30c01?
30c04
In base 4, what is 1 - -333212102?
333212103
In base 12, what is -7259 - -2?
-7257
In base 16, what is -54af5 + -4?
-54af9
In base 13, what is -1865 - -c?
-1856
In base 8, what is -4 - 50156?
-50162
In base 15, what is -42cb - 2?
-42cd
In base 12, what is -19 + 1777b?
17762
In base 7, what is -43 - -1134?
1061
In base 10, what is -13 + 5112?
5099
In base 11, what is -6741 + -1?
-6742
In base 16, what is -5 + -7e4a?
-7e4f
In base 11, what is -623 - 1252?
-1875
In base 8, what is 16 + -14706?
-14670
In base 16, what is 14a3 + -3?
14a0
In base 14, what is a3840 - -2?
a3842
In base 3, what is 10 - 200100?
-200020
In base 5, what is 440 + 204043?
210033
In base 10, what is -4 - -63853?
63849
In base 4, what is 10303 + -1031332?
-1021023
In base 11, what is -30 - 6221?
-6251
In base 4, what is 2 + 222322111?
222322113
In base 8, what is 56 + -21165?
-21107
In base 15, what is -13b9 - 5?
-13be
In base 12, what is -5 - 27408?
-27411
In base 14, what is 80bb0 + -4?
80baa
In base 14, what is -196 - -26?
-170
In base 6, what is -10 + 24045?
24035
In base 13, what is -3 - -2a39?
2a36
In base 13, what is 15 - 74230?
-74218
In base 16, what is 5c + 1208?
1264
In base 5, what is -4 + -2132411?
-2132420
In base 5, what is 23 + 1401314?
1401342
In base 16, what is -2cc - 9e8?
-cb4
In base 13, what is -106 - 2aa?
-3b3
In base 9, what is -112043 - -25?
-112017
In base 2, what is -100 - 10000011110011111001?
-10000011110011111101
In base 10, what is 45 - 35922?
-35877
In base 10, what is -357885 - 0?
-357885
In base 13, what is -2 + 102a?
1028
In base 15, what is -1ab - 122?
-2cd
In base 10, what is 671318 + 4?
671322
In base 3, what is -12 - -200022000?
200021211
In base 8, what is -15166623 + -4?
-15166627
In base 13, what is 14 + 32b?
342
In base 16, what is -2 - -5956c?
5956a
In base 10, what is -62348 - 3?
-62351
In base 9, what is -1525 - -4?
-1521
In base 5, what is 103021 - -12?
103033
In base 11, what is 68654 + -15?
6863a
In base 13, what is 6ac + 162c?
200b
In base 14, what is 82 + -1162?
-10c0
In base 8, what is 5 - 1104531?
-1104524
In base 14, what is -3 - 1b86aa?
-1b86ad
In base 16, what is 5e52 - 11?
5e41
In base 8, what is -355773 + -6?
-356001
In base 8, what is 45661 - 1?
45660
In base 6, what is -514 + -113224?
-114142
In base 6, what is -1 - -121541?
121540
In base 3, what is 2 + 11222120?
11222122
In base 4, what is -120130 - -20?
-120110
In base 6, what is -3555503 -